me factors of a?
2, 59
Let o = -4 + 8. Let t be (2 - 0) + 22/11. Suppose -t*h + 16 = 0, -4*h = -6*v + o*v + 78. What are the prime factors of v?
47
Suppose -2*v + v = 0. Suppose v = -n + 4. Suppose -b = -n*f - 4*b + 98, -4*f + 2*b + 108 = 0. List the prime factors of f.
2, 13
Let g be (-21)/(-28) + -2 + (-25)/(-4). Suppose -795 = -g*o + 70. List the prime factors of o.
173
Let g(x) = 162*x**2 + 7*x + 15. What are the prime factors of g(-2)?
11, 59
Suppose 2*s = -3*g + 1248, -4*s = 8*g - 12*g + 1684. List the prime factors of g.
2, 11, 19
Let s(m) = 9*m**2 + 61*m - 15. List the prime factors of s(-12).
3, 61
Suppose 0 = 9*a - 17016 - 363. List the prime factors of a.
1931
Let q be 192/72*3/2. Suppose q*t = 5*n - t - 340, -5*n = 5*t - 390. List the prime factors of n.
73
What are the prime factors of (-4 + 2721/12)/(1/4)?
3, 11
Let z be ((-6)/(-15))/((-3)/(-105)). Let p = -9 + z. Suppose 28 - p = s. List the prime factors of s.
23
Suppose -l = -3*b + 8*b - 5, 4*b = 0. Let k = 5 - l. Suppose -s + g + 18 = 0, 5*s - 2*s + 4*g - 19 = k. List the prime factors of s.
13
Let x(h) = 2*h**3 - 20*h**2 - 4*h - 1. List the prime factors of x(12).
17, 31
Let x be 70 - 68 - (1 + (-1 - 0)). Let i be -1*(-61)/((-1)/(-1)). Suppose 2*o = x, n - o - i = -0*n. What are the prime factors of n?
2, 31
Suppose -5*h + 3*p + p = -1675, 0 = -4*h - p + 1361. What are the prime factors of h?
3, 113
Let u(i) = i**3 - 4*i**2 - 5*i + 5. Let t(w) be the first derivative of w**3/3 + 2*w**2 - 7*w - 4. Let v be t(-6). List the prime factors of u(v).
5
What are the prime factors of (0 + 54)*(3 + (3 - -27))?
2, 3, 11
Suppose 0 = 13*q + 5698 - 24314. List the prime factors of q.
2, 179
Suppose 0 = 2*m - 3*m + 1195. Suppose -y = 4*y + 5*z - m, 3*z = 3*y - 693. Suppose -y = -0*d - 5*d. What are the prime factors of d?
47
Let o(k) = k**2 + 12*k + 16. Let a be o(-7). List the prime factors of a/(-1) + (-3 - -4).
2, 5
Let x = -283 + 406. Suppose 3*a = 4*s + x, 0 - 114 = -3*a + s. What are the prime factors of a?
37
Let s(v) = -27*v + 19. Let q be s(-3). Suppose 3*t - 295 + q = 0. List the prime factors of t.
5, 13
Suppose -5*t = c - 2*t - 73, -69 = -c - 5*t. Let o = c - 15. Suppose -2*b + o = f, 2*b = b - 2*f + 38. List the prime factors of b.
2, 3, 5
Suppose z - 2*f - 1924 = 0, 2*z + 28*f - 3847 = 33*f. What are the prime factors of z?
2, 3, 107
Let z(q) = q - 10. Let a be z(11). What are the prime factors of (a - 2)*19*(-10 + 5)?
5, 19
Let o(v) = -3*v. Let k(f) = f - 8. Let n be k(6). Let i be o(n). Suppose -i = 3*b - 54. What are the prime factors of b?
2
Let y(g) = 16*g**3 + 2*g**2 + 9*g - 5. What are the prime factors of y(3)?
2, 59
Suppose -848*f + 31872 = -824*f. List the prime factors of f.
2, 83
Suppose -3*q - 78 = -456. Suppose -141 - q = -3*s. Let t = -63 + s. What are the prime factors of t?
2, 13
Let g(c) = -c**3 - 3*c**2 - 3*c - 8. Let x be g(-3). What are the prime factors of -1 + 2 + x + 43?
3, 5
List the prime factors of (55 + -52)*(-14)/4*-112.
2, 3, 7
Let r(j) be the third derivative of -j**6/15 - j**5/30 + j**4/24 - j**3/3 + 6*j**2. List the prime factors of r(-2).
2, 13
Suppose 6368 + 26480 = 16*o. What are the prime factors of o?
2053
Suppose 0*u + 11*u - 22 = 0. Suppose u*p = -p + 345. What are the prime factors of p?
5, 23
Let x(f) = -f**3 - 7*f**2 + 9*f + 8. Let s be x(-8). Suppose 0 = j - 5*n - 200, 3*j - 3*n - 106 - 458 = s. List the prime factors of j.
5, 37
Let f(g) = -670*g - 34. List the prime factors of f(-2).
2, 653
Let d(j) = 21*j - 49. Let r(f) = -82*f + 196. Let l(t) = 9*d(t) + 2*r(t). What are the prime factors of l(7)?
2, 3, 7
Let c be 28 - (0 - -3 - -1). Let r = -24 + c. Suppose r = -2*i + 3*i - 21. What are the prime factors of i?
3, 7
Let s(v) = 6*v + 54. List the prime factors of s(-6).
2, 3
Let o(d) = -d**2 + 9*d - 6. Let j(u) = u - 1. Let y = 6 - 2. Let g(b) = y*j(b) - o(b). What are the prime factors of g(5)?
2
Let v be 19/(21/(-9) + 2). Let d be (-1)/(v/(-27) - 2). List the prime factors of (d/(-6))/(12/32).
2
Let n = 22 - 0. Suppose 2*m - 3*i - n = 17, -4*i = 20. Let y = 14 - m. List the prime factors of y.
2
Let d(r) = 18*r**2 - 25*r + 235. List the prime factors of d(11).
2, 1069
Let m(j) = j**3 - 20*j**2 + 22*j. Suppose 0*q - 110 = -5*q + 5*h, 5*h = 4*q - 91. List the prime factors of m(q).
3, 19
Let s be 516*4/16*-2. Let y = -159 - s. What are the prime factors of y?
3, 11
Let q be (-9)/6*4 - -2. Suppose 12*t = 8*t + 148. Let i = t + q. List the prime factors of i.
3, 11
Suppose -3*p = 4*i + 2, -8 = -3*p - 2. Suppose -5*m + 4*b + b + 25 = 0, 5*m - 21 = 4*b. List the prime factors of 4 + i + m + 0.
3
Let s be 266/21 + (-2)/(-6). Suppose -16*h = -s*h - 159. What are the prime factors of h?
53
Let p(u) = u**2 - 11*u + 12. Let i be p(10). Suppose -i*y = -3 + 5. List the prime factors of (-22)/(1 - 2) + y.
3, 7
Suppose 0 = 2*a + 3*a + 125. Suppose k - 135 = -0*j + 5*j, 2*j - 473 = -3*k. What are the prime factors of (-2)/10 - k/a?
2, 3
Let x(t) = -98*t + 8. Let u be x(6). List the prime factors of u/(-16) - (-4)/(-16).
2, 3
Suppose -4*f = 23*f - 42471. What are the prime factors of f?
11, 13
Let d = 26 + 45. Suppose 3*i = 4*i - d. List the prime factors of i.
71
Suppose 0 = -3*y + 1147 - 265. What are the prime factors of y?
2, 3, 7
Let h(o) = o**3 + 33*o**2 - 35*o - 30. Let z be h(-34). Let d = 0 - 0. Suppose 0 = -z*m + x + 170, -x + 4*x + 6 = d. List the prime factors of m.
2, 3, 7
Suppose 5*g - 161 = r + 3*r, -3*g + 4*r = -95. List the prime factors of g.
3, 11
Let j(t) = -t**2 + t + 1. Let a(m) = -m**3 - 8*m**2 + 7*m + 114. Let u(o) = a(o) - 6*j(o). What are the prime factors of u(0)?
2, 3
Let p(r) = 26*r**2 - 7*r - 12. List the prime factors of p(7).
1213
Suppose -25164 = -48*c + 29412. What are the prime factors of c?
3, 379
Suppose k + k = -4*x + 224, 5*x + 281 = 3*k. Suppose 0*g - 2*g + k = 0. What are the prime factors of g?
3, 17
Let c(g) = 11*g**2 + 6*g - 22. Let i be c(-7). Suppose -4*b = b - i. What are the prime factors of b?
5, 19
Suppose 4*k - a + 51 = 6*k, 2*k - 5*a = 45. Let x be 18/81 + k/9. Suppose -x*g + 21 + 17 = -s, 3*g = -3*s + 54. List the prime factors of g.
2, 7
Suppose -1 = 4*u - 13. Suppose -u*v + 66 = -171. List the prime factors of v.
79
Let n be (-9)/((-735)/(-186) - 4). Suppose -t + 1012 - 313 = 4*v, -4*t + n = v. List the prime factors of v.
2, 3, 29
Let t(g) = 24*g + 800. List the prime factors of t(0).
2, 5
Let w(v) = -11*v + 12 - 9*v - 3 - 56. What are the prime factors of w(-5)?
53
Suppose -7 = 3*l + 11. List the prime factors of 132/(-10)*20/l.
2, 11
Let o = -21 + 23. Suppose o*w + 1 = -1. List the prime factors of (5 - 6)/(w/16).
2
Suppose -8*t - 22265 = -60553. List the prime factors of t.
2, 2393
Suppose -o + 143 = -0*o - y, -5*o - 5*y + 715 = 0. What are the prime factors of o/2 - (45/(-10) + 4)?
2, 3
Suppose 0 = 2*l - 5*g - 3953, -27*l + 2*g - 1990 = -28*l. What are the prime factors of l?
2, 31
Suppose 2 = -0*o + o. Let m = -2 + o. Suppose -5*w - 5*q + 165 = m, 2*q = -w - 0*w + 32. What are the prime factors of w?
2, 17
Let f(o) = -61*o - 29. What are the prime factors of f(-36)?
11, 197
Let k(z) = 195*z**2 - 21*z + 52. What are the prime factors of k(3)?
2, 109
What are the prime factors of 85 + 2951 + (-2 - (0 - -1))?
3, 337
Suppose 578 = 5*d + j, d + 0*j - 109 = 2*j. Let w = -13 + d. What are the prime factors of w?
2, 3, 17
Let p be (7 + -8)/(3/(-15)). Let s be (-38)/(-14) - 4/(-14). Suppose 57 = s*l - p*u, 2*l + u - 2*u = 38. List the prime factors of l.
19
Let d = 182 + -152. List the prime factors of d.
2, 3, 5
Let p(h) = 3*h**2 + 4*h + 18. What are the prime factors of p(-10)?
2, 139
Let t be (0 + 114)/((-360)/(-112) - 3). Suppose 0 = -4*u + 16, o = -4*o - 3*u + t. What are the prime factors of o?
2, 13
Let g(w) = w**3 + 24*w**2 + 32*w - 24. What are the prime factors of g(-22)?
2, 3, 5
Let w = 763 - -2302. List the prime factors of w.
5, 613
Let u(h) = h**3 - 12*h**2 - 14*h + 16. Let v be u(13). Suppose 2*b = 2*a - 58, -2*a - 2*b + 93 = v*b. List the prime factors of a.
2, 17
Let o(x) = x**2 + 10*x - 11. Let u be o(-11). Suppose -5*c = 2*z - 304, 0 = c - u*z - z - 65. What are the prime factors of c/(4 - (2 - 0))?
31
Let w(t) = -6*t + 3. Let n be w(2). Let f = -6 - n. Suppose -u + 5*u 